{"id":11,"date":"2020-11-19T10:29:09","date_gmt":"2020-11-19T09:29:09","guid":{"rendered":"http:\/\/indeks.pk.edu.pl\/?page_id=11"},"modified":"2025-11-20T11:03:36","modified_gmt":"2025-11-20T10:03:36","slug":"regulamin-konkursu","status":"publish","type":"page","link":"https:\/\/indeks.pk.edu.pl\/?page_id=11","title":{"rendered":"Regulamin Konkursu"},"content":{"rendered":"\n<h2 class=\"wp-block-heading has-text-align-center\"><strong>Regulamin konkursu<br>\u201eO Z\u0142oty Indeks PK\u201d<\/strong><\/h2>\n\n\n\n<h4 class=\"wp-block-heading has-text-align-center\">\u00a7 1<br>Postanowienia og\u00f3lne<\/h4>\n\n\n\n<p>We wszystkich sprawach nierozstrzygni\u0119tych w niniejszym regulaminie decyzj\u0119 podejmuje<br>Komisja Konkursowa.m regulaminie decyzj\u0119 podejmuje Komisja Konkursowa<\/p>\n\n\n\n<p>Konkurs \u201eO Z\u0142oty Indeks PK\u201d, zwany dalej \u201ekonkursem\u201d, og\u0142asza i przeprowadza Politechnika<br>Krakowska im. Tadeusza Ko\u015bciuszki.<\/p>\n\n\n\n<p>Szczeg\u00f3\u0142owe informacje na temat konkursu s\u0105 dost\u0119pne na stronie internetowej:<br>https:\/\/zlotyindeks.pk.edu.pl.<\/p>\n\n\n\n<p class=\"has-text-align-center\"><br><strong>\u00a7 2<br>Charakterystyka konkursu<\/strong><\/p>\n\n\n\n<p>Celem konkursu jest zwr\u00f3cenie szczeg\u00f3lnej uwagi m\u0142odzie\u017cy szk\u00f3\u0142 ponadpodstawowych na<br>przedmioty: matematyka, chemia, informatyka, predyspozycje architektoniczne oraz<br>elektrotechnika i automatyka, przygotowuj\u0105ce do podj\u0119cia studi\u00f3w technicznych na Politechnice<br>Krakowskiej.<\/p>\n\n\n\n<p>Konkurs jest organizowany dla uczni\u00f3w szk\u00f3\u0142 \u015brednich z ca\u0142ej Polski.<\/p>\n\n\n\n<p>Konkurs jest organizowany w zakresie rozszerzonym z pi\u0119ciu przedmiot\u00f3w:<br>1) matematyka,<br>2) chemia,<br>3) informatyka,<br>4) predyspozycje architektoniczne,<br>5) elektrotechnika i automatyka.<\/p>\n\n\n\n<p>W danym roku, uczestnik mo\u017ce wzi\u0105\u0107 udzia\u0142 w konkursie wy\u0142\u0105cznie z jednego z ww.<br>przedmiot\u00f3w.<\/p>\n\n\n\n<p>Konkurs sk\u0142ada si\u0119 z dw\u00f3ch etap\u00f3w:<br>1) pierwszy etap \u2013 przeprowadzany zdalnie, za pomoc\u0105 \u015brodk\u00f3w komunikacji<br>elektronicznej,<br>2) drugi etap \u2013 fina\u0142owy, przeprowadzany stacjonarnie na terenie Politechniki Krakowskiej,<br>przy czym organizator zastrzega sobie mo\u017cliwo\u015b\u0107 przeprowadzenia drugiego etapu<br>w formie zdalnej, w uzasadnionych okoliczno\u015bciach. W\u00f3wczas uczestnicy zostan\u0105<br>poinformowani o takiej formie z przynajmniej tygodniowym wyprzedzeniem, poprzez<br>stron\u0119 internetow\u0105 konkursu: https:\/\/zlotyindeks.pk.edu.pl\/.<\/p>\n\n\n\n<p>Warunkiem udzia\u0142u w konkursie jest zgoda na ewentualn\u0105 publikacj\u0119 wizerunku, imienia<br>i nazwiska uczestnika, w przypadku uzyskania przez niego tytu\u0142u laureata na stronach<br>internetowych oraz w mediach spo\u0142eczno\u015bciowych Politechniki Krakowskiej.<\/p>\n\n\n\n<p>Osoby, kt\u00f3re przy rejestracji do konkursu nie wyra\u017c\u0105 zgody na publikacj\u0119 nie mog\u0105 bra\u0107 udzia\u0142u<br>w konkursie.<\/p>\n\n\n\n<p>Uczestnicy konkursu ze specjalnymi potrzebami powinni skontaktowa\u0107 si\u0119<br>z koordynatorem konkursu, na etapie zg\u0142aszania si\u0119 do udzia\u0142u w konkursie poprzez adres<br>mailowy: zlotyindeks@pk.edu.pl<\/p>\n\n\n\n<p>Od os\u00f3b, kt\u00f3re nie uko\u0144czy\u0142y 18 lat \u017cycia, przed drugim etapem konkursu wymagana jest zgoda<br>rodzic\u00f3w lub opiekun\u00f3w prawnych. Formularz jest dost\u0119pny na stronie: zlotyindeks.pk.edu.pl.<br>Wype\u0142niony formularz nale\u017cy przes\u0142a\u0107 na adres mailowy: zlotyindeks@pk.edu.pl.<\/p>\n\n\n\n<p>Do drugiego etapu konkursu z ka\u017cdego przedmiotu zostaje zakwalifikowanych 30 os\u00f3b, kt\u00f3re<br>uzyska\u0142y najwy\u017cszy wynik. Uzyskanie tej samej liczby punkt\u00f3w przez wi\u0119cej os\u00f3b, kt\u00f3re uzyska\u0142y<br>najwy\u017cszy wynik, zwi\u0119ksza pul\u0119 os\u00f3b przyj\u0119tych do drugiego etapu konkursu. Wyj\u0105tek stanowi<br>matematyka, z kt\u00f3rej do drugiego etapu zostaje zakwalifikowanych 40 os\u00f3b.<\/p>\n\n\n\n<p>Warunkiem przyj\u0119cia do drugiego etapu konkursu jest uzyskanie co najmniej 40% maksymalnej<br>liczby punkt\u00f3w mo\u017cliwych do uzyskania podczas pierwszego etapu konkursu.<\/p>\n\n\n\n<p class=\"has-text-align-center\"><br><strong>\u00a7 3<br>Zasady kwalifikacji z przedmiot\u00f3w: matematyka, chemia, informatyka oraz<br>elektrotechnika i automatyka<\/strong><\/p>\n\n\n\n<p class=\"has-text-align-left\"><br>Konkurs z przedmiot\u00f3w: matematyka, chemia, informatyka oraz elektrotechnika i automatyka<br>sk\u0142ada si\u0119 z dw\u00f3ch etap\u00f3w i jest sprawdzianem posiadanych umiej\u0119tno\u015bci uczestnik\u00f3w<br>w rozwiazywaniu zada\u0144 obliczeniowych i problemowych w formie testu.<\/p>\n\n\n\n<p class=\"has-text-align-center\"><strong><br>\u00a7 4<br>Zasady kwalifikacji z przedmiotu: predyspozycje architektoniczne<\/strong><\/p>\n\n\n\n<p>Pierwszy etap konkursu z przedmiotu predyspozycje architektoniczne (zdalny) sk\u0142ada si\u0119<br>z cz\u0119\u015bci dotycz\u0105cej wiedzy z historii sztuki, ze szczeg\u00f3lnym uwzgl\u0119dnieniem historii architektury<br>oraz z zada\u0144 rysunkowych, sprawdzaj\u0105cych wyobra\u017ani\u0119 przestrzenn\u0105. Do zada\u0144 zwi\u0105zanych<br>z teori\u0105 stosuje si\u0119 wag\u0119 1, natomiast do zada\u0144 zwi\u0105zanych z wyobra\u017ani\u0105 przestrzenn\u0105 (zadania<br>rysunkowe) stosuje si\u0119 wag\u0119 2. W przypadku braku mo\u017cliwo\u015bci przeprowadzenia drugiego etapu<br>stacjonarnie, zadanie do wykonania zostanie zmienione, o czym uczestnicy zostan\u0105<br>poinformowani z przynajmniej tygodniowym wyprzedzeniem przed ustalony terminem drugiego<br>etapu, poprzez stron\u0119 internetow\u0105 konkursu: https:\/\/zlotyindeks.pk.edu.pl.<\/p>\n\n\n\n<p>Drugi etap konkursu z przedmiotu predyspozycje architektoniczne (stacjonarny) sprawdza<br>predyspozycje architektoniczne uczestnik\u00f3w konkursu, poprzez zadanie polegaj\u0105ce na<br>wykonaniu modelu fizycznego, z dostarczonych przez organizatora materia\u0142\u00f3w w oparciu<br>o wskazany temat konkursowy. W drugim etapie konkursu oceniana jest kompozycja, forma<br>i<br>zgodno\u015b\u0107 z tematem. Szczeg\u00f3\u0142owe zasady oceny przedstawione zosta\u0142y w za\u0142\u0105czniku<br>do Regulaminu.<\/p>\n\n\n\n<p class=\"has-text-align-center\"><br><strong>\u00a7 5<br>Komisja Konkursowa<\/strong><\/p>\n\n\n\n<p>Za organizacj\u0119 i przeprowadzenie konkursu na ka\u017cdym etapie odpowiada Komisja Konkursowa<br>powo\u0142ana przez Prorektora ds. studenckich. W sk\u0142ad Komisji Konkursowej wchodz\u0105: Prorektor<br>ds. studenckich jako przewodnicz\u0105cy oraz po dwie osoby reprezentuj\u0105ce przedmioty, okre\u015blone<br>w \u00a7 2 ust. 3 niniejszego regulaminu, a tak\u017ce koordynator konkursu.<\/p>\n\n\n\n<p>Osoby reprezentuj\u0105ce przedmioty konkursowe s\u0105 odpowiedzialne za:<br>1) przygotowanie zada\u0144 testowych do poszczeg\u00f3lnych etap\u00f3w konkursu,<br>2) umieszczenie zada\u0144 na platformie e-learningowej,<br>3) podanie szczeg\u00f3\u0142owych zasad sprawdzania i oceny zada\u0144,<br>4) sprawdzenie i ocen\u0119 zada\u0144.<\/p>\n\n\n\n<p>Na ka\u017cdym z etap\u00f3w konkursu prace uczestnik\u00f3w przed sprawdzeniem i ocen\u0105 s\u0105 kodowane.<\/p>\n\n\n\n<p>Na podstawie wynik\u00f3w prac uczestnik\u00f3w Komisja Konkursowa przygotowuje listy rankingowe<br>dotycz\u0105ce poszczeg\u00f3lnych przedmiot\u00f3w. W pierwszym etapie konkursu listy rankingowe, ze<br>wskazaniem os\u00f3b, kt\u00f3re zosta\u0142y zakwalifikowane do drugiego etapu konkursu s\u0105 zatwierdzane<br>przez osoby odpowiedzialne za poszczeg\u00f3lne przedmioty, natomiast w drugim etapie konkursu<br>listy rankingowe s\u0105 zatwierdzane przez przewodnicz\u0105cego Komisji Konkursowej.<\/p>\n\n\n\n<p class=\"has-text-align-center\"><br><strong>\u00a7 6<br>Zasady organizacji konkursu i wy\u0142aniania laureat\u00f3w<\/strong><\/p>\n\n\n\n<p>Do ko\u0144ca roku kalendarzowego poprzedzaj\u0105cego konkurs przewodnicz\u0105cy Komisji Konkursowej<br>wysy\u0142a zaproszenie do wzi\u0119cia udzia\u0142u w konkursie, do dyrektor\u00f3w wybranych szk\u00f3\u0142<br>ponadpodstawowych.<\/p>\n\n\n\n<p>Szczeg\u00f3\u0142owy harmonogram przebiegu konkursu ustala przewodnicz\u0105cy Komisji Konkursowej.<\/p>\n\n\n\n<p>Pierwszy etap konkursu odbywa si\u0119 zdalnie. Uczestnicy konkursu po zarejestrowaniu si\u0119 na<br>stronie internetowej konkursu https:\/\/zlotyindeks.pk.edu.pl\/ otrzymuj\u0105 indywidualny login i has\u0142o.<br>Zgodnie z harmonogramem, uczestnicy loguj\u0105 si\u0119 do serwisu konkursowego i rozwi\u0105zuj\u0105 zestaw<br>zada\u0144 testowych z wybranego przedmiotu na platformie e-learningowej.<\/p>\n\n\n\n<p>Laureat\u00f3w drugiego etapu konkursu wy\u0142ania si\u0119 w nast\u0119puj\u0105cy spos\u00f3b:<br>1) Laureatem I stopnia zostaje uczestnik, kt\u00f3ry uzyska\u0142 wynik 81%-100% maksymalnej liczby<br>punkt\u00f3w.<br>2) Laureatem II stopnia zostaje uczestnik, kt\u00f3ry uzyska\u0142 wynik 66%-80% maksymalnej liczby<br>punkt\u00f3w.<br>3) Laureatem III stopnia zostaje uczestnik, kt\u00f3ry uzyska\u0142 wynik 50%-65%<br>maksymalnej liczby punkt\u00f3w.<\/p>\n\n\n\n<p>Laureatom drugiego etapu konkursu przyznaje si\u0119 punkty w postepowaniu rekrutacyjnym,<br>zgodnie z zasadami okre\u015blonymi w obowi\u0105zuj\u0105cej Uchwale Senatu Politechniki Krakowskiej<br>w sprawie zasad przyjmowania laureat\u00f3w konkurs\u00f3w mi\u0119dzynarodowych oraz og\u00f3lnopolskich<br>na I rok stacjonarnych i niestacjonarnych studi\u00f3w I stopnia.<\/p>\n\n\n\n<p>Uczestnik mo\u017ce bra\u0107 udzia\u0142 w kolejnych edycjach konkursu (w kolejnych latach), z tego samego<br>lub r\u00f3\u017cnych przedmiot\u00f3w i zdobywa\u0107 w nich tytu\u0142y laureata.<\/p>\n\n\n\n<p>Z uprawnienia okre\u015blonego w ust. 5 mo\u017cna skorzysta\u0107 tylko w roku uzyskania \u015bwiadectwa<br>dojrza\u0142o\u015bci. W przypadku, gdy uczestnik posiada wi\u0119cej ni\u017c jeden tytu\u0142 laureata, w post\u0119powaniu<br>rekrutacyjnym mo\u017ce wykorzysta\u0107 tylko jeden z nich, wybrany przez siebie.<\/p>\n\n\n\n<p class=\"has-text-align-center\"><br><strong>\u00a7 7<br>Informowanie o wynikach konkursu<\/strong><\/p>\n\n\n\n<p>Informacja o zakwalifikowaniu si\u0119 do drugiego etapu konkursu oraz ostateczne wyniki konkursu<br>s\u0105 zamieszczane przez administratora platformy e-learningowej na indywidualnym koncie<br>uczestnika.<\/p>\n\n\n\n<p>Imiona i nazwiska laureat\u00f3w konkursu oraz nazwy szk\u00f3\u0142 ponadpodstawowych, kt\u00f3re<br>reprezentuj\u0105 laureaci b\u0119d\u0105 podawane do wiadomo\u015bci publicznej na stronach internetowych oraz<br>w mediach spo\u0142eczno\u015bciowych Politechniki Krakowskiej.<\/p>\n\n\n\n<p>Organizator konkursu nie udziela informacji o wynikach konkursu osobom trzecim.<\/p>\n\n\n\n<p>Przewodnicz\u0105cy Komisji Konkursowej wydaje Laureatom I, II i III stopnia dyplomy \u201eLaureata\u201d,<br>celem przed\u0142o\u017cenia dyplomu w post\u0119powaniu rekrutacyjnym na PK.<\/p>\n\n\n\n<p>Nie s\u0105 wydawane za\u015bwiadczenia o wzi\u0119ciu udzia\u0142u w konkursie.<\/p>\n\n\n\n<p class=\"has-text-align-center\"><br><strong>\u00a7 8<br>Odwo\u0142ania<\/strong><\/p>\n\n\n\n<p>Odwo\u0142anie od decyzji Komisji Konkursowej nale\u017cy sk\u0142ada\u0107 w terminie 3 dni od og\u0142oszenia<br>wynik\u00f3w drugiego etapu konkursu. Odwo\u0142anie nale\u017cy przes\u0142a\u0107 listownie, na adres Politechniki<br>Krakowskiej, do Prorektora ds. studenckich (decyduje data stempla pocztowego).<\/p>\n\n\n\n<p>Podstaw\u0105 odwo\u0142ania mo\u017ce by\u0107 jedynie wskazanie naruszenia procedury konkursowej,<br>okre\u015blonej w niniejszym regulaminie.<\/p>\n\n\n\n<p>Decyzja Komisji Konkursowej jest ostateczna.<\/p>\n\n\n\n<p>W imieniu niepe\u0142noletniego uczestnika konkursu, odwo\u0142anie sk\u0142adaj\u0105 osoby uprawnione,<br>o kt\u00f3rych mowa w \u00a7 2 ust. 9.<\/p>\n\n\n\n<p class=\"has-text-align-center\"><br><strong>\u00a7 9<br>Postanowienia ko\u0144cowe<\/strong><\/p>\n\n\n\n<p>Organizatorzy nie ponosz\u0105 odpowiedzialno\u015bci za jako\u015b\u0107 danych, wprowadzanych przez<br>uczestnik\u00f3w przy rejestracji do konkursu. B\u0142\u0119dnie wprowadzone dane uniemo\u017cliwi\u0105 uczestnikowi<br>udzia\u0142 w konkursie.<\/p>\n\n\n\n<p>Uczestnicy drugiego etapu konkursu przybywaj\u0105 na Politechnik\u0119 Krakowsk\u0105 na w\u0142asny koszt.<\/p>\n\n\n\n<p><a href=\"http:\/\/indeks.pk.edu.pl\/wp-content\/uploads\/2025\/11\/Zalacznik2025.pdf\">Za\u0142\u0105cznik do Regulaminu konkursu &#8222;O Z\u0142oty Indeks PK&#8221;<\/a><\/p>\n\n\n\n<p><a href=\"http:\/\/indeks.pk.edu.pl\/wp-content\/uploads\/2025\/11\/04_Zgoda-rodzicow-na-udzial-w-konkursie-niepelnoletniego-dziecka.pdf\">Zgoda rodzic\u00f3w na udzia\u0142 dziecka w Konkursie<\/a><\/p>\n\n\n\n<p><\/p>\n","protected":false},"excerpt":{"rendered":"<p>Regulamin konkursu\u201eO Z\u0142oty Indeks PK\u201d \u00a7 1Postanowienia og\u00f3lne We wszystkich sprawach nierozstrzygni\u0119tych w niniejszym regulaminie decyzj\u0119 podejmujeKomisja Konkursowa.m regulaminie decyzj\u0119 podejmuje Komisja Konkursowa Konkurs \u201eO Z\u0142oty Indeks PK\u201d, zwany dalej \u201ekonkursem\u201d, og\u0142asza i przeprowadza PolitechnikaKrakowska im. Tadeusza Ko\u015bciuszki. Szczeg\u00f3\u0142owe informacje na temat konkursu s\u0105 dost\u0119pne na stronie internetowej:https:\/\/zlotyindeks.pk.edu.pl. \u00a7 2Charakterystyka konkursu Celem konkursu jest zwr\u00f3cenie&hellip; <br \/> <a class=\"read-more\" href=\"https:\/\/indeks.pk.edu.pl\/?page_id=11\">Dowiedz si\u0119 wi\u0119cej<\/a><\/p>\n","protected":false},"author":1,"featured_media":0,"parent":0,"menu_order":0,"comment_status":"closed","ping_status":"closed","template":"","meta":{"footnotes":""},"class_list":["post-11","page","type-page","status-publish","hentry"],"_links":{"self":[{"href":"https:\/\/indeks.pk.edu.pl\/index.php?rest_route=\/wp\/v2\/pages\/11","targetHints":{"allow":["GET"]}}],"collection":[{"href":"https:\/\/indeks.pk.edu.pl\/index.php?rest_route=\/wp\/v2\/pages"}],"about":[{"href":"https:\/\/indeks.pk.edu.pl\/index.php?rest_route=\/wp\/v2\/types\/page"}],"author":[{"embeddable":true,"href":"https:\/\/indeks.pk.edu.pl\/index.php?rest_route=\/wp\/v2\/users\/1"}],"replies":[{"embeddable":true,"href":"https:\/\/indeks.pk.edu.pl\/index.php?rest_route=%2Fwp%2Fv2%2Fcomments&post=11"}],"version-history":[{"count":21,"href":"https:\/\/indeks.pk.edu.pl\/index.php?rest_route=\/wp\/v2\/pages\/11\/revisions"}],"predecessor-version":[{"id":471,"href":"https:\/\/indeks.pk.edu.pl\/index.php?rest_route=\/wp\/v2\/pages\/11\/revisions\/471"}],"wp:attachment":[{"href":"https:\/\/indeks.pk.edu.pl\/index.php?rest_route=%2Fwp%2Fv2%2Fmedia&parent=11"}],"curies":[{"name":"wp","href":"https:\/\/api.w.org\/{rel}","templated":true}]}}